{"id":5,"date":"2021-01-16T09:34:53","date_gmt":"2021-01-16T09:34:53","guid":{"rendered":"https:\/\/p-medesthetique.be\/?page_id=5"},"modified":"2021-02-04T20:59:08","modified_gmt":"2021-02-04T20:59:08","slug":"accueil","status":"publish","type":"page","link":"https:\/\/www.pause-mediesthetique.be\/","title":{"rendered":"Accueil"},"content":{"rendered":"\n<p class=\"has-text-color has-normal-font-size\" style=\"color:#686d70\"><\/p>\n","protected":false},"excerpt":{"rendered":"","protected":false},"author":1,"featured_media":6,"parent":0,"menu_order":0,"comment_status":"closed","ping_status":"closed","template":"","meta":[],"yoast_head":"<!-- This site is optimized with the Yoast SEO plugin v15.7 - https:\/\/yoast.com\/wordpress\/plugins\/seo\/ -->\n<title>Accueil -<\/title>\n<meta name=\"description\" content=\"Priscilla Foureaux - institut - soins - lifting non chirurgicaux - anti-\u00e2ge - anti-ride - rajeunissement - rides - minceur - cryolipolise - laser \u00e9pilation d\u00e9finitive - hifu - microneedling - hydrodermabrasion - peeling - led - lifting colombien vaccum - cavitation - esth\u00e9tique - lisser - cellulite - capitons - vergetures - collag\u00e8ne - \u00e9lasticit\u00e9 - \u00e9clat - photomodulation - ultrasons - traitement\" \/>\n<meta name=\"robots\" content=\"index, follow, max-snippet:-1, max-image-preview:large, max-video-preview:-1\" \/>\n<link rel=\"canonical\" href=\"https:\/\/www.pause-mediesthetique.be\/\" \/>\n<meta property=\"og:locale\" content=\"fr_FR\" \/>\n<meta property=\"og:type\" content=\"article\" \/>\n<meta property=\"og:title\" content=\"Accueil -\" \/>\n<meta property=\"og:description\" content=\"Priscilla Foureaux - institut - soins - lifting non chirurgicaux - anti-\u00e2ge - anti-ride - rajeunissement - rides - minceur - cryolipolise - laser \u00e9pilation d\u00e9finitive - hifu - microneedling - hydrodermabrasion - peeling - led - lifting colombien vaccum - cavitation - esth\u00e9tique - lisser - cellulite - capitons - vergetures - collag\u00e8ne - \u00e9lasticit\u00e9 - \u00e9clat - photomodulation - ultrasons - traitement\" \/>\n<meta property=\"og:url\" content=\"https:\/\/www.pause-mediesthetique.be\/\" \/>\n<meta property=\"article:modified_time\" content=\"2021-02-04T20:59:08+00:00\" \/>\n<meta property=\"og:image\" content=\"https:\/\/www.pause-mediesthetique.be\/wp-content\/uploads\/2021\/01\/P1050149-scaled.jpg\" \/>\n\t<meta property=\"og:image:width\" content=\"2560\" \/>\n\t<meta property=\"og:image:height\" content=\"1920\" \/>\n<meta name=\"twitter:card\" content=\"summary_large_image\" \/>\n<script type=\"application\/ld+json\" class=\"yoast-schema-graph\">{\"@context\":\"https:\/\/schema.org\",\"@graph\":[{\"@type\":\"WebSite\",\"@id\":\"https:\/\/www.pause-mediesthetique.be\/#website\",\"url\":\"https:\/\/www.pause-mediesthetique.be\/\",\"name\":\"\",\"description\":\"\",\"potentialAction\":[{\"@type\":\"SearchAction\",\"target\":\"https:\/\/www.pause-mediesthetique.be\/?s={search_term_string}\",\"query-input\":\"required name=search_term_string\"}],\"inLanguage\":\"fr-FR\"},{\"@type\":\"ImageObject\",\"@id\":\"https:\/\/www.pause-mediesthetique.be\/#primaryimage\",\"inLanguage\":\"fr-FR\",\"url\":\"https:\/\/www.pause-mediesthetique.be\/wp-content\/uploads\/2021\/01\/P1050149-scaled.jpg\",\"width\":2560,\"height\":1920},{\"@type\":\"WebPage\",\"@id\":\"https:\/\/www.pause-mediesthetique.be\/#webpage\",\"url\":\"https:\/\/www.pause-mediesthetique.be\/\",\"name\":\"Accueil -\",\"isPartOf\":{\"@id\":\"https:\/\/www.pause-mediesthetique.be\/#website\"},\"primaryImageOfPage\":{\"@id\":\"https:\/\/www.pause-mediesthetique.be\/#primaryimage\"},\"datePublished\":\"2021-01-16T09:34:53+00:00\",\"dateModified\":\"2021-02-04T20:59:08+00:00\",\"description\":\"Priscilla Foureaux - institut - soins - lifting non chirurgicaux - anti-\\u00e2ge - anti-ride - rajeunissement - rides - minceur - cryolipolise - laser \\u00e9pilation d\\u00e9finitive - hifu - microneedling - hydrodermabrasion - peeling - led - lifting colombien vaccum - cavitation - esth\\u00e9tique - lisser - cellulite - capitons - vergetures - collag\\u00e8ne - \\u00e9lasticit\\u00e9 - \\u00e9clat - photomodulation - ultrasons - traitement\",\"inLanguage\":\"fr-FR\",\"potentialAction\":[{\"@type\":\"ReadAction\",\"target\":[\"https:\/\/www.pause-mediesthetique.be\/\"]}]}]}<\/script>\n<!-- \/ Yoast SEO plugin. -->","_links":{"self":[{"href":"https:\/\/www.pause-mediesthetique.be\/index.php?rest_route=\/wp\/v2\/pages\/5"}],"collection":[{"href":"https:\/\/www.pause-mediesthetique.be\/index.php?rest_route=\/wp\/v2\/pages"}],"about":[{"href":"https:\/\/www.pause-mediesthetique.be\/index.php?rest_route=\/wp\/v2\/types\/page"}],"author":[{"embeddable":true,"href":"https:\/\/www.pause-mediesthetique.be\/index.php?rest_route=\/wp\/v2\/users\/1"}],"replies":[{"embeddable":true,"href":"https:\/\/www.pause-mediesthetique.be\/index.php?rest_route=%2Fwp%2Fv2%2Fcomments&post=5"}],"version-history":[{"count":3,"href":"https:\/\/www.pause-mediesthetique.be\/index.php?rest_route=\/wp\/v2\/pages\/5\/revisions"}],"predecessor-version":[{"id":151,"href":"https:\/\/www.pause-mediesthetique.be\/index.php?rest_route=\/wp\/v2\/pages\/5\/revisions\/151"}],"wp:featuredmedia":[{"embeddable":true,"href":"https:\/\/www.pause-mediesthetique.be\/index.php?rest_route=\/wp\/v2\/media\/6"}],"wp:attachment":[{"href":"https:\/\/www.pause-mediesthetique.be\/index.php?rest_route=%2Fwp%2Fv2%2Fmedia&parent=5"}],"curies":[{"name":"wp","href":"https:\/\/api.w.org\/{rel}","templated":true}]}}